lculate b(a).
-1
Let m(i) be the first derivative of -i**4/4 - i**3 + 3*i**2 + 2*i - 217. What is m(-4)?
-6
Let u(k) = -8*k**2 - 11*k - 11. Let d(l) = 4*l**2 + 5*l + 5. Let g(w) = 13*d(w) + 6*u(w). Let y be (-17)/(-6) + (-80)/96. Calculate g(y).
13
Let r(v) be the second derivative of 0*v**2 - 7/6*v**3 - 11*v + 0. Determine r(1).
-7
Let o = 2 + 1. Suppose -1 = o*z + 5. Let j(f) = -f**3 - f + 1. Let c(s) = 4*s**3 + 2*s**2 + 5*s - 2. Let w(n) = -c(n) - 3*j(n). Give w(z).
3
Let z(n) = n**2 - n - 5. Let p(f) = -f**2 + 2*f + 5. Let b(o) = 3*p(o) + 2*z(o). Calculate b(6).
-7
Let w(f) = -884 + 866 - f + 0*f. What is w(-9)?
-9
Let d(k) = -k + 6 - k**2 - 6 + 4*k**2 - 4*k**2. Suppose 0 = -3*r + 6*r + 9. What is d(r)?
-6
Suppose 0 = -2*b + 2 + 4. Let x(z) be the first derivative of z**4/6 - 2*z**3/3 + z**2/2 - 69*z + 25. Let m(f) be the first derivative of x(f). Give m(b).
7
Let a(r) = -3 - 116*r**3 + 234*r**3 - 117*r**3 + 2*r - r**2 - 2*r**2. Determine a(2).
-3
Suppose 0*n = k + 2*n - 8, 2*n = 6. Let i(l) = -5 - l**k + 7*l - l - 2 + 9. What is i(3)?
11
Let r(w) be the third derivative of w**6/120 - w**5/12 - w**4/8 - w**3 - 116*w**2 - 1. Calculate r(5).
-21
Let h(m) = 4 - 4*m - m**2 - 2 - 4 + 5. Let q(g) = g**2 - 8*g - 12. Let z be q(9). What is h(z)?
6
Let r(k) = -k + 4. Let o be (-11)/(-3) - 2/(-6). Let p = 77 + -59. Suppose n - o*n = -p. What is r(n)?
-2
Let x(i) be the first derivative of -i**6/120 - i**5/15 + i**3/3 + i**2 - 11. Let k(g) be the second derivative of x(g). What is k(-4)?
2
Let j(o) = o - 4. Suppose 84*g - 81*g = 9. What is j(g)?
-1
Suppose 0 = -s - s - 3*s. Let b be -2 - ((2 - 4) + -2). Let t(x) = 5 + s - b*x - 2 + 2. What is t(4)?
-3
Let z(m) = -5*m + 1. Let t(p) = 3*p - 12. Let d(l) = -1. Let k(j) = -2*d(j) + t(j). Let r be k(4). What is z(r)?
-9
Let u(g) be the first derivative of -5 + 1/12*g**4 - 1/3*g**3 - g + g**2. Let l(r) be the first derivative of u(r). Calculate l(3).
5
Suppose -42 = 5*d + 2*d. Let f(v) = v - 2*v - 3*v**3 - 2*v**3. Let k(q) = 9*q**3 - q**2 + 2*q. Let p(x) = 11*f(x) + 6*k(x). What is p(d)?
-6
Let b be (-7 - -12)*(3 - 1 - 3). Let j(p) = p**3 + 6*p**2 + 8*p + 5. Calculate j(b).
-10
Let a(w) = 6*w**2 + 9*w + 5. Let r(z) = -5*z**2 - 8*z - 4. Let k(h) = 4*a(h) + 5*r(h). Let p = 3626 + -3630. Determine k(p).
0
Suppose -4*m + 2*m - z - 1 = 0, -13 = 2*m + 5*z. Let t(s) be the first derivative of s**2 + 28 - 10/3*s**3 - s. Determine t(m).
-9
Let u(j) = -317*j + 317*j - 12*j**2 + 1. Let o(c) = c**2. Let a(r) = 2*o(r) - u(r). Calculate a(1).
13
Let c = -49 + 69. Let x = -16 + c. Let q(g) = -g**3 - 5*g**2 - 8 + 2*g**2 - x*g**2 - 8*g - g**2. What is q(-7)?
-1
Let w be ((-3)/6)/(3/(-6)). Let q(h) = 4 + w + h + 2. Give q(-7).
0
Let q(j) = 2*j + 44. Suppose -294*s - 105 = -289*s. Determine q(s).
2
Suppose -23*k + 70 = -18*k. Let a be 4 + (-110)/25 + k/10. Let x(c) = -c. Let y(r) = 4*r**2 + r + 1. Let i(b) = -2*x(b) - y(b). Determine i(a).
-4
Let d(z) = -7*z**2 + 12*z - 9. Let h(q) = 20*q**2 - 36*q + 27. Let c(n) = -17*d(n) - 6*h(n). Let p be ((-6)/(-15))/((-3)/(-45)). Determine c(p).
27
Let k = -23 + 23. Suppose k = -3*o + 16 - 1. Suppose -o - 10 = 3*i, 3*y = 2*i + 22. Let l(d) = -d**3 + 3*d**2 + d + 1. Calculate l(y).
-11
Let y(m) = m**2 - 5*m + 1. Let u be (12/8)/((-9)/(-42)). Let c be ((-9)/15)/(u/(-35)). What is y(c)?
-5
Let y = 6 + 2. Let s(k) = 5 + k + k**3 + 7*k**2 + y*k - k. Determine s(-6).
-7
Suppose 114*q - 103*q - 143 = 0. Let g(t) = t**3 - 14*t**2 + 13*t - 8. Determine g(q).
-8
Let n(o) be the first derivative of 23 - 2*o + 1/3*o**3 + o**2. Calculate n(-4).
6
Let h(b) = b**2 - 7*b + 3. Let p be (2/(-4))/(9/(-54)). Suppose -8*d = -p*d. Suppose d = -4*y + 2 + 18. Give h(y).
-7
Suppose 4*a + 3 = -9. Let x be ((-40)/15 - a)*27. Let s(i) = x*i**2 + 5*i**2 + 2 + 2*i - 15*i**2. What is s(-3)?
-13
Let o(p) be the second derivative of p**4/12 - p**3/3 - 84*p. Let i be 2 - (0 - 3 - -2). Give o(i).
3
Let p be 0/(-1 + 6/2). Let t(j) be the third derivative of -j**5/120 - 11*j**4/24 - 7*j**3/6 - 7*j**2. Let z(g) be the first derivative of t(g). Determine z(p).
-11
Let o = -101 + 180. Suppose 14 = 13*f + o. Let t(n) be the first derivative of n**3/3 + 3*n**2 + 2*n + 1. Calculate t(f).
-3
Let k = -85 - -81. Let m(g) = g**3 + 4*g**2 + 2*g - 1. Calculate m(k).
-9
Let n(y) = -y**2 + 11*y + 9. Suppose p - 67 = -3*d - 61, 4*d = -4*p + 40. Determine n(p).
-3
Suppose 13 - 37 = -8*w. Let h(f) = f**3 - 4*f**2 - 4*f + 1. Let m(k) = k**2 - 1. Let x(t) = -h(t) - m(t). What is x(w)?
12
Let c(k) = -2*k - 2. Let d(v) = -3*v**2 - 4*v - 4. Let y(a) = 6*c(a) - 2*d(a). Calculate y(-2).
28
Let p(m) = m**2 + 1. Let u(w) = -5*w**2 - 8*w - 6. Let k be 27/33 - (-8)/44. Let o(n) = k*u(n) + 4*p(n). Give o(-3).
13
Let w(k) be the third derivative of -k**4/24 + k**3/6 + 38*k**2. Let q be 6/2 - 3/(-3). Suppose -z = 2*m - 0*m + 3, 4*m = q*z - 24. Give w(m).
4
Let f(q) be the third derivative of -q**6/180 + q**5/30 - q**4/12 + q**3/3 + 2*q**2. Let b(n) be the first derivative of f(n). Let y = 309 + -307. Give b(y).
-2
Let d(c) = -c**2 - 6*c - 1. Suppose 3*w + 9*q - 37 = 4*q, 4*w - 28 = 4*q. Suppose -i + w*i + 48 = 0. Determine d(i).
-1
Let n(y) = -2*y**2 + 10*y**3 - 156*y + 1 - 13*y**3 + 0 + 157*y. What is n(-1)?
1
Let m(o) = o + 11. Let j = 15 + -25. Let t be (-1)/((-2)/j) + -2. What is m(t)?
4
Let f(g) = -61816*g + 3 + 123631*g - 61818*g. Suppose -t = 4*t - 40. Suppose -3*w = -t + 2. Give f(w).
-3
Let r(v) = -401 - 2*v**2 + 2*v + 401. Let l(n) = -n - 19. Let c be l(-17). Calculate r(c).
-12
Let y(h) be the second derivative of 0 - 5/2*h**2 + 1/12*h**4 + 1/6*h**3 - 12*h. What is y(-4)?
7
Let c(p) = 5*p**3 - 12*p**2 - 11*p + 11. Let r(y) = -11*y**3 + 25*y**2 + 23*y - 23. Suppose 3*o + 30 = -2*o. Let x(g) = o*r(g) - 13*c(g). Give x(-5).
-5
Let r = -33 - -41. Suppose q - 17 = -2*s, 3*s - r = 3*q - q. Let g(k) = -k**3 + 6*k**2 + 7. What is g(s)?
7
Let f be (4/(-5))/(2/(-5)). Suppose 2*t = i - 6, 2*t - f = -i - 0. Let d be 6/i*20/6. Let l(u) = -u - 7. Give l(d).
-12
Let p(a) = 3*a**2 + 2*a - 41. Let w(m) = 2*m**2 + m - 21. Let b(v) = -3*p(v) + 5*w(v). Let y(r) = -r**3 + 4*r**2 - r + 4. Let u be y(4). Calculate b(u).
18
Let i = -17 + 19. Suppose -7*s - 21 = -i*x - 2*s, -4*x = 3*s - 3. Let n(z) = -z**3 + z**2 - 2*z - 2. What is n(x)?
-26
Let j(i) be the third derivative of 0*i - 1/6*i**3 + 0 - 2*i**2 - 1/24*i**4 + 1/60*i**5. Let b = 9 - 6. Calculate j(b).
5
Let r(z) = 3*z + 13 - 9*z + 7*z + 2*z + 1. What is r(-5)?
-1
Let u(y) = 9*y + 1. Let z(l) = 6*l - 23. Let q be z(4). Calculate u(q).
10
Let x be (-2)/(-7) - 44/7. Let c(a) = 29*a**2 - 8*a - 8. Let w(z) = 24*z**2 - 8*z - 8. Let s(m) = 5*c(m) - 6*w(m). Give s(x).
-4
Let u(d) be the third derivative of d**5/30 + 7*d**4/8 + d**3/6 + 106*d**2. Determine u(-10).
-9
Let r = -4 - -6. Suppose -z - r*z = -6. Let p(o) = 2*o**z - 2*o + 9*o - 6*o. Give p(-3).
15
Suppose 5*w = 8 + 2. Let l(v) = 2*v + 3*v - 1 - w + 6. Suppose -5*g - 12 = -g. Give l(g).
-12
Let c(m) = 79625*m**3 + 2*m**2 - 2*m**2 + 3 - 79624*m**3. What is c(0)?
3
Let n(q) = 2*q - 6. Let a(y) = -y**3 + y - 3 + 15 + 119*y**2 - 124*y**2. Let b be a(-5). What is n(b)?
8
Let l(x) = -4*x**3 + 4*x**3 - x - 5 + 2 - x**3 - 7*x**2. Calculate l(-7).
4
Let h = -13 + 13. Let c(r) = -r + 3. Let l be c(h). Suppose l*k = -n - 22, 2*k + 2*n = 5*n. Let j(m) = m**3 + 5*m**2 - 8*m + 3. Give j(k).
15
Let b(u) be the second derivative of -17*u + 0 + 2*u**2 - 1/3*u**3. Give b(4).
-4
Suppose -f + 2*f + 2 = -2*p, 4*p = -4*f + 8. Let r(n) be the third derivative of -n**5/60 + n**4/3 - 7*n**3/6 - 7*n**2 + 1. What is r(f)?
5
Let b(z) = -z**3 + 4*z**2 - 2*z - 1. Suppose 4*u = -0*u. Suppose 1 = 3*n + 5*p, 4*n + 0*n + 3*p - 5 = u. Calculate b(n).
3
Let y(l) be the third derivative of -l**6/120 - l**5/30 - l**3/2 + 279*l**2. Suppose -4*h = 20, 0*h = -5*i - 2*h. Let x be 1 - (8 - 2 - i). Calculate y(x).
6
Suppose -15*t = -20*t + 6*t. Let q(j) be the second derivative of t + j + 1/12*j**4 - 2/3*j**3 - j**2. Calculate q(3).
-5
Suppose w + 0 - 7 = 0. Let g = w - 4. Suppose -4*i = g*m + 30, 21 = m - 5*m + i. Let c(t) = t**3 + 5*t**2 - 4*t + 8. What is c(m)?
-4
Suppose -7*i + 10 = -2*i. Let b(z) = 4 - z - 3 - i + 0. Let t(c) = -7*c - 11. Let m(v) = 4*b(v) - t(v). What is m(-5)?
-8
Let g(u) 